{"id":128,"date":"2019-03-09T16:10:48","date_gmt":"2019-03-09T15:10:48","guid":{"rendered":"http:\/\/bib.tluszcz.pl\/?page_id=128"},"modified":"2021-08-28T10:45:11","modified_gmt":"2021-08-28T08:45:11","slug":"filia-w-mokrej-wsi","status":"publish","type":"page","link":"http:\/\/bib.tluszcz.pl\/?page_id=128","title":{"rendered":"Filia w Mokrej Wsi"},"content":{"rendered":"\n<p>OD 01.09.2021 R. FILIA BIBLIOTEKI ZOSTA\u0141A PRZENIESIONA                               DO SZKO\u0141Y PODSTAWOWEJ<\/p>\n\n\n\n<p> ul. Marii Konopnickiej 12<br> Mokra Wie\u015b<br> 05-240 T\u0142uszcz <\/p>\n\n\n\n<div class=\"wp-block-button\"><a class=\"wp-block-button__link has-vivid-cyan-blue-color has-very-light-gray-background-color has-text-color has-background\" href=\"http:\/\/bp.tluszcz.e-bp.eu\/ini.php?katalog=8\">Katalog online &#8211; Filia w Mokrej Wsi<br><\/a><\/div>\n\n\n\n<figure class=\"wp-block-table\"><table><tbody><tr><td><strong>Poniedzia\u0142ek<\/strong><\/td><td>11<sup>00<\/sup>-16<sup>00<\/sup><\/td><\/tr><tr><td><strong>Wtorek<\/strong><\/td><td> nieczynna <\/td><\/tr><tr><td><strong>\u015aroda<\/strong><\/td><td>nieczynna<\/td><\/tr><tr><td><strong>Czwartek<\/strong><\/td><td>12<sup>00<\/sup>-17<sup>00<\/sup><\/td><\/tr><tr><td><strong>Pi\u0105tek<\/strong><\/td><td>10<sup>00<\/sup>-15<sup>00<\/sup><\/td><\/tr><tr><td><strong>Sobota<\/strong><\/td><td>nieczynna<\/td><\/tr><\/tbody><\/table><\/figure>\n\n\n\n<hr class=\"wp-block-separator\"\/>\n","protected":false},"excerpt":{"rendered":"<p>OD 01.09.2021 R. FILIA BIBLIOTEKI ZOSTA\u0141A PRZENIESIONA DO SZKO\u0141Y PODSTAWOWEJ ul. Marii Konopnickiej 12 Mokra Wie\u015b 05-240 T\u0142uszcz Poniedzia\u0142ek 1100-1600 Wtorek nieczynna \u015aroda nieczynna Czwartek 1200-1700 Pi\u0105tek 1000-1500 Sobota nieczynna<\/p>\n","protected":false},"author":1,"featured_media":0,"parent":0,"menu_order":0,"comment_status":"closed","ping_status":"closed","template":"","meta":[],"_links":{"self":[{"href":"http:\/\/bib.tluszcz.pl\/index.php?rest_route=\/wp\/v2\/pages\/128"}],"collection":[{"href":"http:\/\/bib.tluszcz.pl\/index.php?rest_route=\/wp\/v2\/pages"}],"about":[{"href":"http:\/\/bib.tluszcz.pl\/index.php?rest_route=\/wp\/v2\/types\/page"}],"author":[{"embeddable":true,"href":"http:\/\/bib.tluszcz.pl\/index.php?rest_route=\/wp\/v2\/users\/1"}],"replies":[{"embeddable":true,"href":"http:\/\/bib.tluszcz.pl\/index.php?rest_route=%2Fwp%2Fv2%2Fcomments&post=128"}],"version-history":[{"count":5,"href":"http:\/\/bib.tluszcz.pl\/index.php?rest_route=\/wp\/v2\/pages\/128\/revisions"}],"predecessor-version":[{"id":493,"href":"http:\/\/bib.tluszcz.pl\/index.php?rest_route=\/wp\/v2\/pages\/128\/revisions\/493"}],"wp:attachment":[{"href":"http:\/\/bib.tluszcz.pl\/index.php?rest_route=%2Fwp%2Fv2%2Fmedia&parent=128"}],"curies":[{"name":"wp","href":"https:\/\/api.w.org\/{rel}","templated":true}]}}

<p>OD 01.09.2021 R. FILIA BIBLIOTEKI ZOSTAŁA PRZENIESIONA                               DO SZKOŁY PODSTAWOWEJ</p>



<p> ul. Marii Konopnickiej 12<br> Mokra Wieś<br> 05-240 Tłuszcz </p>



<div class="wp-block-button"><a class="wp-block-button__link has-vivid-cyan-blue-color has-very-light-gray-background-color has-text-color has-background" href="http://bp.tluszcz.e-bp.eu/ini.php?katalog=8">Katalog online &#8211; Filia w Mokrej Wsi<br></a></div>



<figure class="wp-block-table"><table><tbody><tr><td><strong>Poniedziałek</strong></td><td>11<sup>00</sup>-16<sup>00</sup></td></tr><tr><td><strong>Wtorek</strong></td><td> nieczynna </td></tr><tr><td><strong>Środa</strong></td><td>nieczynna</td></tr><tr><td><strong>Czwartek</strong></td><td>12<sup>00</sup>-17<sup>00</sup></td></tr><tr><td><strong>Piątek</strong></td><td>10<sup>00</sup>-15<sup>00</sup></td></tr><tr><td><strong>Sobota</strong></td><td>nieczynna</td></tr></tbody></table></figure>



<hr class="wp-block-separator"/>

<p>OD 01.09.2021 R. FILIA BIBLIOTEKI ZOSTAŁA PRZENIESIONA DO SZKOŁY PODSTAWOWEJ ul. Marii Konopnickiej 12 Mokra Wieś 05-240 Tłuszcz Poniedziałek 1100-1600 Wtorek nieczynna Środa nieczynna Czwartek 1200-1700 Piątek 1000-1500 Sobota nieczynna</p>
