{"id":135,"date":"2019-03-09T16:14:04","date_gmt":"2019-03-09T15:14:04","guid":{"rendered":"http:\/\/bib.tluszcz.pl\/?page_id=135"},"modified":"2020-01-13T15:08:44","modified_gmt":"2020-01-13T14:08:44","slug":"filie-2","status":"publish","type":"page","link":"http:\/\/bib.tluszcz.pl\/?page_id=135","title":{"rendered":"Filie"},"content":{"rendered":"\n<div class=\"wp-block-button is-style-outline\"><a class=\"wp-block-button__link has-text-color has-vivid-cyan-blue-color has-background has-very-light-gray-background-color\" href=\"http:\/\/bib.tluszcz.pl\/?page_id=63\">Filia w Chrz\u0119snem<br><\/a><\/div>\n\n\n\n<div class=\"wp-block-button is-style-outline\"><a class=\"wp-block-button__link has-text-color has-vivid-cyan-blue-color has-background has-very-light-gray-background-color\" href=\"http:\/\/bib.tluszcz.pl\/?page_id=113\">Filia w Jarz\u0119biej \u0141\u0105ce <br><\/a><\/div>\n\n\n\n<div class=\"wp-block-button is-style-outline\"><a class=\"wp-block-button__link has-text-color has-vivid-cyan-blue-color has-background has-very-light-gray-background-color\" href=\"http:\/\/bib.tluszcz.pl\/?page_id=116\">Filia w Jasienicy<\/a><\/div>\n\n\n\n<div class=\"wp-block-button is-style-outline\"><a class=\"wp-block-button__link has-text-color has-vivid-cyan-blue-color has-background has-very-light-gray-background-color\" href=\"http:\/\/bib.tluszcz.pl\/?page_id=119\">Filia w Koz\u0142ach <\/a><\/div>\n\n\n\n<div class=\"wp-block-button is-style-outline\"><a class=\"wp-block-button__link has-text-color has-vivid-cyan-blue-color has-background has-very-light-gray-background-color\" href=\"http:\/\/bib.tluszcz.pl\/?page_id=122\">Filia w Stryjkach<\/a><\/div>\n\n\n\n<div class=\"wp-block-button is-style-outline\"><a class=\"wp-block-button__link has-text-color has-vivid-cyan-blue-color has-background has-very-light-gray-background-color\" href=\"http:\/\/bib.tluszcz.pl\/?page_id=125\">Filia w Mi\u0105sem<\/a><\/div>\n\n\n\n<div class=\"wp-block-button is-style-outline\"><a class=\"wp-block-button__link has-text-color has-vivid-cyan-blue-color has-background has-very-light-gray-background-color\" href=\"http:\/\/bib.tluszcz.pl\/?page_id=128\">Filia w Mokrej Wsi<\/a><\/div>\n\n\n\n<div class=\"wp-block-button is-style-outline\"><a class=\"wp-block-button__link has-text-color has-vivid-cyan-blue-color has-background has-very-light-gray-background-color\" href=\"http:\/\/bib.tluszcz.pl\/?page_id=131\">Filia w Postoliskach<\/a><\/div>\n","protected":false},"excerpt":{"rendered":"","protected":false},"author":1,"featured_media":0,"parent":0,"menu_order":0,"comment_status":"closed","ping_status":"closed","template":"","meta":[],"_links":{"self":[{"href":"http:\/\/bib.tluszcz.pl\/index.php?rest_route=\/wp\/v2\/pages\/135"}],"collection":[{"href":"http:\/\/bib.tluszcz.pl\/index.php?rest_route=\/wp\/v2\/pages"}],"about":[{"href":"http:\/\/bib.tluszcz.pl\/index.php?rest_route=\/wp\/v2\/types\/page"}],"author":[{"embeddable":true,"href":"http:\/\/bib.tluszcz.pl\/index.php?rest_route=\/wp\/v2\/users\/1"}],"replies":[{"embeddable":true,"href":"http:\/\/bib.tluszcz.pl\/index.php?rest_route=%2Fwp%2Fv2%2Fcomments&post=135"}],"version-history":[{"count":10,"href":"http:\/\/bib.tluszcz.pl\/index.php?rest_route=\/wp\/v2\/pages\/135\/revisions"}],"predecessor-version":[{"id":295,"href":"http:\/\/bib.tluszcz.pl\/index.php?rest_route=\/wp\/v2\/pages\/135\/revisions\/295"}],"wp:attachment":[{"href":"http:\/\/bib.tluszcz.pl\/index.php?rest_route=%2Fwp%2Fv2%2Fmedia&parent=135"}],"curies":[{"name":"wp","href":"https:\/\/api.w.org\/{rel}","templated":true}]}}

<div class="wp-block-button is-style-outline"><a class="wp-block-button__link has-text-color has-vivid-cyan-blue-color has-background has-very-light-gray-background-color" href="http://bib.tluszcz.pl/?page_id=63">Filia w Chrzęsnem<br></a></div>



<div class="wp-block-button is-style-outline"><a class="wp-block-button__link has-text-color has-vivid-cyan-blue-color has-background has-very-light-gray-background-color" href="http://bib.tluszcz.pl/?page_id=113">Filia w Jarzębiej Łące <br></a></div>



<div class="wp-block-button is-style-outline"><a class="wp-block-button__link has-text-color has-vivid-cyan-blue-color has-background has-very-light-gray-background-color" href="http://bib.tluszcz.pl/?page_id=116">Filia w Jasienicy</a></div>



<div class="wp-block-button is-style-outline"><a class="wp-block-button__link has-text-color has-vivid-cyan-blue-color has-background has-very-light-gray-background-color" href="http://bib.tluszcz.pl/?page_id=119">Filia w Kozłach </a></div>



<div class="wp-block-button is-style-outline"><a class="wp-block-button__link has-text-color has-vivid-cyan-blue-color has-background has-very-light-gray-background-color" href="http://bib.tluszcz.pl/?page_id=122">Filia w Stryjkach</a></div>



<div class="wp-block-button is-style-outline"><a class="wp-block-button__link has-text-color has-vivid-cyan-blue-color has-background has-very-light-gray-background-color" href="http://bib.tluszcz.pl/?page_id=125">Filia w Miąsem</a></div>



<div class="wp-block-button is-style-outline"><a class="wp-block-button__link has-text-color has-vivid-cyan-blue-color has-background has-very-light-gray-background-color" href="http://bib.tluszcz.pl/?page_id=128">Filia w Mokrej Wsi</a></div>



<div class="wp-block-button is-style-outline"><a class="wp-block-button__link has-text-color has-vivid-cyan-blue-color has-background has-very-light-gray-background-color" href="http://bib.tluszcz.pl/?page_id=131">Filia w Postoliskach</a></div>
